 divisor of x and u.
19
Let b = 50 + -47. Suppose 4*r = b*q - 46, -4*q + 3*q + r + 14 = 0. What is the highest common divisor of q and 50?
10
Suppose 0 = 15*v + 169 - 1204. Let x be (-6 - -2)*(-46)/4. What is the highest common divisor of v and x?
23
Let f be (91 - 90) + 22 + 1. Calculate the highest common divisor of 744 and f.
24
Suppose 13*m - 222 = 1052. Calculate the greatest common factor of m and 378.
14
Suppose z + 3*w = 6*w - 8, 0 = -w + 3. Let b(m) = -17 - 4*m**2 + 10 - 13*m + 3*m**2 - 9. Let k be b(-11). What is the highest common divisor of z and k?
1
Let q(b) = b**2 - 4*b - 14. Let c be q(8). Suppose -195 = -4*o - 15. What is the highest common divisor of o and c?
9
Suppose 0 = 5*j + 2*u - 56, -2*j - 2*j + 5*u = -58. Suppose -56 = -4*o - j. Calculate the greatest common divisor of 11 and o.
11
Let y be (-145)/(-2) + 3/(-6). Let g be 8/(-5) + 3/5. Let d be (6/(-12))/(g/16). Calculate the greatest common divisor of y and d.
8
Suppose -2*y + 3*z = -19, -2*y = -4*y + 4*z + 22. Suppose j - 48 = -3*p, -5*p + 0*j = -2*j - 69. What is the greatest common factor of p and y?
5
Let q = -246 + 351. Let t be (q/(-2))/(-5)*6. Let r = 16 - 7. Calculate the greatest common divisor of r and t.
9
Let s = 13008 + -12934. Let y be (-4)/(-14) - (-1293)/7. What is the greatest common factor of s and y?
37
Let r(p) = -4*p + 6*p**2 - 8*p + 16 + 3*p**2. Let n be r(-12). Let k be 24/(-36) - n/(-6). Calculate the highest common factor of 22 and k.
22
Let c = -98 + 102. Suppose d - 5*j = 16, -6 = -d + c*j + 8. Calculate the greatest common divisor of d and 10.
2
Let t = -26 - -41. Let z be (1/(-2) - -1)/((-2)/20). Let h = 10 - z. What is the highest common divisor of t and h?
15
Suppose 11*w - 13*w + 6 = 0. Suppose -4 = -w*s + 2. What is the greatest common factor of s and 6?
2
Suppose 1 = -v + 3*a, 2*v - 4*a = 4*v - 18. Let t = v - -9. Calculate the highest common divisor of 35 and t.
7
Let y = 304 + -276. Calculate the highest common divisor of 63 and y.
7
Let h(f) = f + 15. Let l be h(7). Suppose 4*y - 32 = -4*p + 44, 2*y = 2*p - l. Calculate the highest common divisor of p and 6.
3
Let t = 12 + -7. Let j be -1 + (-6)/(-4) - 18/(-12). Suppose 32 = j*c - 4*h, 3 = c - t*h - 19. What is the highest common factor of c and 108?
12
Let h(o) = -o + 1. Let g be h(-4). Suppose g*d - 5 = -b + 7, 4*b - 10 = -d. Let f be 62/4*d - -3. Calculate the highest common divisor of 17 and f.
17
Suppose -3 = -w + 9. Suppose -5*p + 2*v - 4*v = 11, 2*p + w = 3*v. Let r be 15 + -4 + (0 - p). Calculate the highest common factor of 98 and r.
14
Let x(j) = -j**3 + 30*j**2 + 31*j + 9. Let v be x(31). What is the greatest common factor of 639 and v?
9
Let h = -38 + 40. Suppose 27 = 5*s + h*i, -s + 3*i = -2*i. Calculate the greatest common divisor of 35 and s.
5
Let l be (-11 + 2)*3*(-424)/24. What is the highest common factor of l and 53?
53
Let b(o) = 5*o - 1. Suppose 4*i + 6 = 18. Let q be b(i). Let r = q + 13. Calculate the highest common factor of 3 and r.
3
Let i(o) = -o**3 + 8*o**2 + 49*o - 3. Let z be i(-5). What is the highest common divisor of z and 1232?
77
Let d be 4/(-6)*432/(-32). Suppose -h = 5*x - 364, 0 = -4*x - 0*h - h + 292. What is the highest common divisor of x and d?
9
Let d(k) = k**2 - 9*k - 22. Let h be d(-8). What is the highest common divisor of 76 and h?
38
Suppose 0 = -h + 2*f + 40, -4*h + 188 + 12 = 2*f. What is the greatest common factor of 12 and h?
12
Let h(s) = -s**3 + 6*s**2 + 11*s - 25. Let g be h(7). Calculate the greatest common divisor of 19 and g.
1
Suppose 2*q - 5*h - 26 = 626, 0 = 3*q - 5*h - 988. Calculate the greatest common factor of 14 and q.
14
Let j(q) = -28*q - 23. Let p be j(-2). What is the highest common factor of p and 297?
33
Let j be (9*4/24)/((-2)/(-4)). Suppose 5*o = -j*g + 326, -2*g = 2*o - 0*o - 132. Calculate the greatest common factor of 48 and o.
16
Let i(n) = 9*n - 134. Let d be i(21). What is the greatest common divisor of 88 and d?
11
Let d(c) = -8*c**2 - 86*c + 15. Let b be d(-9). What is the greatest common divisor of b and 799?
47
Suppose -12 = r - 15. What is the highest common divisor of r and 2?
1
Let o be 4 + (7 - 4 - 5). Let s(x) = 2*x**2 + 2 - 6 - 3*x**2 + 6*x. Let y be s(o). What is the greatest common divisor of 16 and y?
4
Suppose -108 = -4*d + d. Let o(g) = -g**2 + 83*g + 1448. Let k be o(-14). Calculate the highest common divisor of d and k.
18
Suppose 0 = -6*f + 101 + 37. Let b be (-461)/(-4) - 2/8. What is the greatest common factor of f and b?
23
Suppose -15*i + 28 = -14*i. Suppose -3*t + i = -5*u, -t - 5*u = -3*t + 17. Calculate the greatest common factor of 88 and t.
11
Suppose -61*a + 57*a = -88. Calculate the greatest common divisor of a and 638.
22
Let c(b) = -84 + b**2 - b**3 + 0*b**3 + b + 91. Let n be c(0). Suppose 0 = 2*l - 21 - 105. Calculate the highest common divisor of n and l.
7
Let l(t) = -16*t + 4. Let j be l(-5). Suppose -2*q = q - j. What is the greatest common factor of q and 42?
14
Let q(n) = 27*n - 3. Let c be q(4). Suppose -4*h = -7 - c. What is the greatest common divisor of h and 42?
14
Suppose 0 = -24*o + 2991 + 4185. What is the highest common factor of 23 and o?
23
Let t = 7 - 6. Let v be (2/(-4))/(t/(-6)). Suppose 5*k - 2*k + 3*u = 15, v*k = u - 1. What is the greatest common divisor of 9 and k?
1
Let z = 6 + 0. Let x = z - -11. Let t be x/((6/(-3))/(-16)). Calculate the highest common factor of t and 17.
17
Let t(h) = -h**3 + 7*h**2 - 3*h - 3. Let r be t(5). Let y(k) = -14*k**2 - 58*k - 4. Let d be y(-4). Calculate the highest common divisor of d and r.
4
Suppose j = -2*j + 57. Let m be (-2)/(-7) + ((-2260)/(-28) - 5). What is the greatest common factor of j and m?
19
Suppose -18*j + 16*j + 20 = 0. Calculate the greatest common factor of 10 and j.
10
Let p(s) = 12*s - 126. Let f be p(15). What is the highest common divisor of f and 18?
18
Suppose -4*b = -b - 105. Let a = b - 31. What is the greatest common factor of 36 and a?
4
Let n(k) = -3*k**3 - k**2 + k + 1. Let b be n(-3). Let u = 5 - 1. Let m be -4 - (-14 + 0/u). What is the greatest common divisor of b and m?
10
Suppose -166 + 38 = -16*h. What is the greatest common divisor of h and 64?
8
Suppose 4*w = -0*w + 248. Let f = w - 36. Suppose 2*t = -4*t + 156. What is the highest common divisor of f and t?
26
Let j = -28 - -20. Let i(a) = -a + 3. Let h be i(j). Calculate the greatest common divisor of h and 11.
11
Suppose -v = -2*o + 701, 1 = -3*v + 2*v. Suppose -8*p = -o + 94. Calculate the greatest common divisor of p and 24.
8
Suppose 740 = 3*i + 4*q, 3*i - 35*q - 752 = -36*q. What is the greatest common divisor of 12 and i?
12
Suppose 0 = -5*d + 2*m + 230, 19 = -d + 2*d + 5*m. Suppose 5*l + y = l + 127, 4*y + 119 = 3*l. What is the highest common factor of l and d?
11
Let w(i) = i**3 - 2*i**2 - i - 4. Let x be w(3). Let t = 2659 + -2641. Calculate the greatest common factor of x and t.
2
Let v = -587 - -1653. Calculate the greatest common divisor of v and 82.
82
Let j = -1771 - -1899. Let s = -9 + 25. What is the greatest common factor of s and j?
16
Suppose 0 = -6*v - w + 118, -6*v + 11*v - 104 = 2*w. Calculate the greatest common divisor of v and 155.
5
Suppose -138*s - 48 = -140*s. Suppose 7*c - 252 = 4*c. Calculate the highest common factor of c and s.
12
Let i be (-1)/7*6*-14. Let y = 16 - 14. Suppose -1 = j, -5*j - 85 = -y*w + 88. What is the highest common divisor of w and i?
12
Let w be 5 + -1 + (0 + -2)/2. What is the greatest common factor of w and 3?
3
Let y = 36 - 32. Let d be 240*(-1)/y*-2. Calculate the greatest common divisor of d and 24.
24
Let u = 74 + -133. Let x = -29 - u. Let f = 3528 + -3508. Calculate the greatest common divisor of x and f.
10
Let s be 9 + (20/(-28) - 4/14). Suppose s*x = 19 + 69. Calculate the greatest common factor of x and 33.
11
Let t(c) = -5*c - 2 - 3*c**3 + c**2 - 2*c**2 + 2*c. Let b = -52 - -50. Let h be t(b). Calculate the highest common factor of 3 and h.
3
Let j be (-18)/81 + (-4)/(-18). Suppose -5*y + 4*l + 372 = j, -5*l - 5 = 10. Calculate the highest common divisor of 9 and y.
9
Suppose 2*f + 10 = 7*f. Suppose -f*o = -o - 64. What is the highest common factor of o and 8?
8
Let h(p) = 4*p**3 + 3*p**2 + 9*p - 4. Let f be h(5). Let l = f + -429. What is the greatest c